+ y*t - 2680. What are the prime factors of t?
2, 67
Suppose -4*r - 122 + 6 = t, -2 = 2*r. Let x = 279 + t. What are the prime factors of x?
167
Suppose -7 = -0*v - v. Suppose -4*x - k + v + 138 = 0, 4*x = 3*k + 141. Let q = x - -13. List the prime factors of q.
7
Let p(b) = -b**3 - 11*b**2 - 12*b + 11. Let a be p(-10). Let g = -25 + a. Let l(x) = 3*x**2 - 5*x - 19. List the prime factors of l(g).
59
Let x = -359 + 432. Suppose -x*d = -75*d + 1470. What are the prime factors of d?
3, 5, 7
Let r(n) = -n**3 - 12*n**2 + 3. Let z be r(-12). Suppose -1128 = z*a - a. List the prime factors of a/8*(-4)/6.
47
Let v(a) = 3*a**3 - 5*a**2 + 5*a + 5. Let i = 50 + -49. Suppose -15 = -h - 4*q, -i = -3*h + q + 5. List the prime factors of v(h).
2, 7
Suppose 2*a - 65 = -5*z, a + 125 = 6*a + 5*z. What are the prime factors of -4 - 990/a*3*-2?
293
Suppose 3*q = c - 3105, -q + 0*c = 2*c + 1042. Let b = q + 1564. List the prime factors of b.
2, 3, 11
Let j(u) = -54*u - 73. Let x be j(29). Let b = 2383 + x. What are the prime factors of b?
2, 3, 31
Let c = 3 + 17. Suppose 0*h + 2*h = 3*w + 17, 0 = -5*h + c. List the prime factors of (-112)/((-16)/4) + w.
5
Suppose 0 = -s - 57*r + 62*r + 61311, 0 = -5*s - 4*r + 306758. What are the prime factors of s?
2, 37, 829
Let h(s) = -20*s - 36. Let j be h(-2). Suppose 4*r + 2*a - 3654 = 0, r + 1824 = 3*r + j*a. What are the prime factors of r?
2, 457
Let r(g) = 2*g**2 - 41*g - 17. Let a be r(18). Let b = -20 - 170. Let w = a - b. List the prime factors of w.
83
Suppose -8*k + 10235 + 2982 = 2105. What are the prime factors of k?
3, 463
Let z be (-1 - (-160)/26) + 6/(-39). Suppose -12 + 32 = 4*v, -3*o = z*v + 317. What are the prime factors of (28/(-98) - (-3)/(-14))*o?
3, 19
Let z be 16 + -15 - -1*(4 - 1). List the prime factors of (z + -5)*371*-1.
7, 53
Suppose 5*q - x - 5016 = q, -3781 = -3*q - 4*x. List the prime factors of q.
5, 251
Let g = -28210 + 43475. What are the prime factors of g?
5, 43, 71
Let k(i) = 6 + 72*i**2 - 4*i + 0*i - 55*i**2 + 3*i. List the prime factors of k(2).
2, 3
Suppose 70 = 17*g - 3*g. Suppose -g*y + 994 = -276. Let x = y - 174. What are the prime factors of x?
2, 5
Suppose 3*s - 57 - 90 = 0. Suppose 9*l - s = -22. Suppose -444 = -5*h + l*i, -3*h + 2*i + 276 = 5*i. List the prime factors of h.
2, 3, 5
List the prime factors of 4/(-12)*-3 - -1 - -23059.
3, 7687
Let u be -1*(0 - 3) + -468 + -3. Let s = 670 + u. List the prime factors of s.
2, 101
Suppose r = 288 + 77. Suppose 4*b - r = 27. What are the prime factors of b?
2, 7
List the prime factors of 88*((-60)/300)/((-2)/1810).
2, 11, 181
Let n(q) = 501*q**2 - 137*q - 49. What are the prime factors of n(8)?
7, 631
Suppose v + 150 = -0*v. Let r be (-47)/(11/(-10)*2 + 2). Let m = r + v. List the prime factors of m.
5, 17
Suppose -65 = 5*v + 5*r, 0 = 2*v - 3*r + 20 + 1. List the prime factors of -6 + 30/v*-206.
509
Suppose -5*d + 7249 = 6*d. Suppose -4*k + 4*i + 524 = 0, -5*k + i + d = -0*k. Suppose 4*r - 904 = k. List the prime factors of r.
7, 37
Let v(b) = 17*b**3 + 25*b**2 + b - 7. What are the prime factors of v(12)?
13, 43, 59
Suppose q = -5*q + 414. Let r = -82 + q. Let z = r + 73. List the prime factors of z.
2, 3, 5
Let w be 4558 - (-10)/(-5) - -7. Suppose 5*m - c = w, -2*c - 3654 = 2*m - 6*m. List the prime factors of m.
2, 3, 19
Let m = 53 + -28. What are the prime factors of 2190/m*3 - (-3)/15?
263
Suppose -460*s - 584422 = -563*s. List the prime factors of s.
2, 2837
Suppose -5*g = -r + 40616, 5*r - 4*g = 130923 + 72136. List the prime factors of r.
3, 13537
Let p be 48723/7 - 24/56. Suppose 18*s = 22962 - p. What are the prime factors of s?
7, 127
Let o = 20012 + -11513. List the prime factors of o.
3, 2833
Suppose 2*z = 4*s - 2742, 66 = -s - 3*z + 748. What are the prime factors of s?
5, 137
Suppose 0 = 2*v + 2*y - 44620, -4*v - 57*y + 89256 = -61*y. What are the prime factors of v?
2, 2789
Let t = 92 + -72. Let a be ((12/t)/(1/(-5)))/(-1). Suppose -a*b = -0*b + 12, 0 = -c - 2*b + 118. List the prime factors of c.
2, 3, 7
Let v = -13478 + 22632. List the prime factors of v.
2, 23, 199
Let z(x) = 90*x**2 + 113*x - 2892. List the prime factors of z(25).
19, 2957
Let b(f) = 33*f + 117. Let z be b(-14). Let o = -183 - z. What are the prime factors of o?
2, 3
Suppose 50*c = 155*c - 60*c - 950535. List the prime factors of c.
3, 2347
Suppose -v + 6*v - 5*s = 44695, 17869 = 2*v - 5*s. What are the prime factors of v?
2, 17, 263
Suppose -13*d + 52 = -13. Suppose -d*g + 109 = -1046. List the prime factors of g.
3, 7, 11
Let m = -13 - -13. Suppose 10*g + m*g - 20 = 0. Suppose g*p - 784 = -4*j, 4*j - 586 = j - p. List the prime factors of j.
2, 97
Suppose -1248*v + 1274*v - 253630 = 0. What are the prime factors of v?
5, 1951
Let p(n) = -n**3 + 3*n**2 + 5*n - 6. Let a be p(3). Let b be (11639/a)/1 + 4/(-18). List the prime factors of b/12 - 3/(-12).
2, 3
Suppose 164*m - 328448 - 2351946 = -141018. What are the prime factors of m?
2, 7, 79
Let z = -16 - -34. Let j = 23 - z. Suppose -69 = -6*u + j*u. What are the prime factors of u?
3, 23
Let p(u) = -11 - 2*u + 185*u**3 - u + 5 + 7 - 6*u**2 + 6*u. What are the prime factors of p(2)?
7, 11, 19
Suppose -x = 7, -4*i + 4*x = -383363 + 32199. List the prime factors of i.
2, 10973
Let h be 10/(-15) - 1078/(-6). Let k = 308 - h. List the prime factors of 8/5*(k/3 - 3).
2
Suppose 42*g + 11*g - 9*g - 2705912 = 0. List the prime factors of g.
2, 97, 317
Let x be (-202)/(-18) - (-2)/(-9). Suppose -10*h - 1 = -x*h. List the prime factors of (30/24)/(h/4).
5
Let w be (-6)/12*2 - -8*43. Suppose 3*u = w + 257. What are the prime factors of u?
2, 5
Let v = 14957 - 10601. List the prime factors of v.
2, 3, 11
Let w(v) = 1593*v**2 - 65*v + 250. List the prime factors of w(4).
2, 12739
Let l(v) = 1999*v**2 + 16*v - 7. What are the prime factors of l(-1)?
2, 13, 19
What are the prime factors of (-2)/9 - ((-344885)/225 - 10/25)?
3, 7, 73
Let b(g) = g**3 + 94*g**2 + 262*g + 170. List the prime factors of b(-90).
2, 5, 29, 31
Let w(f) = 153*f - 880. List the prime factors of w(25).
5, 19, 31
Let q(s) = 5*s**3 - 29*s**2 - 24*s + 888. What are the prime factors of q(13)?
2, 3, 5, 37
Suppose u + 8*x - 3 = 6*x, 3*u - 13 = -2*x. Suppose u*d - 3271 = p, -25*p + 28*p = -4*d + 2613. What are the prime factors of d?
2, 3, 109
Let p = 4904 + -1517. What are the prime factors of p?
3, 1129
Let p = 17358 + -12294. List the prime factors of p.
2, 3, 211
Let y(m) = -m**3 - 14*m**2 - 26*m - 28. Let z be y(-12). Let p(i) = -i**2 - 3*i + 19. Let g be p(z). What are the prime factors of (3516/g)/4 + (-2)/(-5)?
59
Suppose -4*w = -320 + 12. Let d = w + 143. List the prime factors of d.
2, 5, 11
Suppose 11*o - 26608 = 23398. List the prime factors of o.
2, 2273
Suppose 1194*v = 1205*v - 561. Let f be (-5)/10 - (-35)/2. What are the prime factors of f/v*(0 - -315)?
3, 5, 7
Let i = 560 - 552. List the prime factors of ((-268)/i - 0)/((-8)/112).
7, 67
Let x be (-3 + (-344)/24)*(-279)/6. Let g = 1458 - x. List the prime factors of g.
2, 163
Suppose 4*i - 4*l = 4, 3*l - 18 = 2*i - 6*i. Suppose 32 = i*a + 956. Let r = -80 - a. List the prime factors of r.
2, 3, 19
Suppose 14*g - 16*g = -88. Suppose -p + 11 = -q - 0*q, q = -p - 19. Let b = q + g. What are the prime factors of b?
29
Suppose 5*o = -j - 26, 4*o + 16 = -j - 13. Let m = j - -35. What are the prime factors of (3/m + 1)*2 - -88?
89
Suppose -r - 4*c + 14 = 0, 4 - 6 = -r + 2*c. Suppose 0 = -r*y + 1391 + 3265. What are the prime factors of (5/((-10)/(-3)))/(12/y)?
97
Let y be (-3 + (-1)/3)/((-9)/(-864)). Let v = 1128 + y. List the prime factors of v.
2, 101
Let g(l) = 21*l**2 - 6*l - 7. Let c be g(-3). Suppose c*v - 205*v = -1355. What are the prime factors of v?
271
Let m = -3 + 8. Let s(y) = -23 + m*y**2 - y**2 + 17 + 8 - y. What are the prime factors of s(3)?
5, 7
Let z(c) = -509*c + 4250. List the prime factors of z(-10).
2, 5, 467
Suppose -251851 = -106*x - 737. What are the prime factors of x?
23, 103
Let c(d) = -21*d + 8. Let r = -36 + 94. Let n = 56 - r. List the prime factors of c(n).
2, 5
Let i(p) = p**3 + 13*p**2 + 34*p + 40. Let l be i(-10). Suppose 0 = 5*r - 2*c - 1027 - 3718, -3*r - 2*c + 2831 = l. List the prime factors of r.
947
Let y(c) = -6*c - 14. Let d be y(-4). Let